{"id":2,"date":"2026-01-26T19:55:34","date_gmt":"2026-01-26T18:55:34","guid":{"rendered":"http:\/\/192.168.1.186\/?page_id=2"},"modified":"2026-02-09T15:05:41","modified_gmt":"2026-02-09T14:05:41","slug":"zkusebni-stranka","status":"publish","type":"page","link":"https:\/\/VCELARSTVI-PSARY.CZ\/?page_id=2","title":{"rendered":"Kontakt"},"content":{"rendered":"\n<p><strong>V\u010dela\u0159stv\u00ed Ps\u00e1ry<\/strong><br>Jan Soukup<br>Kutn\u00e1&nbsp;68<br>Ps\u00e1ry<\/p>\n\n\n\n<p>Tel.: 7&nbsp;3&nbsp;7&nbsp;5&nbsp;5&nbsp;7&nbsp;0&nbsp;9&nbsp;9<br>E-mail: info&nbsp;[zavin\u00e1\u010d]&nbsp;vcelarstvi-psary&nbsp;[te\u010dka]&nbsp;cz<\/p>\n\n\n\n<h4 class=\"wp-block-heading\"><\/h4>\n\n\n\n<h3>Kde n\u00e1s najdete<\/h3>\n\n<!-- Waze navigace -->\n<p style=\"margin:10px 0 14px 0;\">\n<a href=\"https:\/\/waze.com\/ul?ll=49.9374853,14.5100553&#038;navigate=yes\"\n   target=\"_blank\"\n   rel=\"noopener\"\n   style=\"display:inline-block;padding:10px 16px;background:#2fcf6f;color:#000;text-decoration:none;border-radius:6px;font-weight:bold;\">\n  \ud83e\udded Navigovat ve Waze\n<\/a>\n\n<\/p>\n\n<!-- Mapy.cz -->\n<div style=\"margin-bottom:12px;\">\n  <iframe\n    src=\"https:\/\/mapy.com\/s\/mesapetoru\"\n    style=\"border:none;width:100%;height:350px;\"\n    loading=\"lazy\">\n  <\/iframe>\n<\/div>\n\n<!-- Google Maps odkaz -->\n<p style=\"font-size:14px;\">\n  \ud83d\udccd\n  <a href=\"https:\/\/www.google.com\/maps?q=Kutn%C3%A1+68,+Ps%C3%A1ry\"\n     target=\"_blank\"\n     rel=\"noopener\">\n    Otev\u0159\u00edt v Google Maps\n  <\/a>\n<\/p>\n\n","protected":false},"excerpt":{"rendered":"<p>V\u010dela\u0159stv\u00ed Ps\u00e1ryJan SoukupKutn\u00e1&nbsp;68Ps\u00e1ry Tel.: 7&nbsp;3&nbsp;7&nbsp;5&nbsp;5&nbsp;7&nbsp;0&nbsp;9&nbsp;9E-mail: info&nbsp;[zavin\u00e1\u010d]&nbsp;vcelarstvi-psary&nbsp;[te\u010dka]&nbsp;cz Kde n\u00e1s najdete \ud83e\udded Navigovat ve Waze \ud83d\udccd Otev\u0159\u00edt v Google Maps<\/p>\n","protected":false},"author":1,"featured_media":0,"parent":0,"menu_order":0,"comment_status":"closed","ping_status":"open","template":"","meta":{"_kad_post_transparent":"","_kad_post_title":"","_kad_post_layout":"","_kad_post_sidebar_id":"","_kad_post_content_style":"","_kad_post_vertical_padding":"","_kad_post_feature":"","_kad_post_feature_position":"","_kad_post_header":false,"_kad_post_footer":false,"_kad_post_classname":"","footnotes":""},"class_list":["post-2","page","type-page","status-publish","hentry"],"_links":{"self":[{"href":"https:\/\/VCELARSTVI-PSARY.CZ\/index.php?rest_route=\/wp\/v2\/pages\/2","targetHints":{"allow":["GET"]}}],"collection":[{"href":"https:\/\/VCELARSTVI-PSARY.CZ\/index.php?rest_route=\/wp\/v2\/pages"}],"about":[{"href":"https:\/\/VCELARSTVI-PSARY.CZ\/index.php?rest_route=\/wp\/v2\/types\/page"}],"author":[{"embeddable":true,"href":"https:\/\/VCELARSTVI-PSARY.CZ\/index.php?rest_route=\/wp\/v2\/users\/1"}],"replies":[{"embeddable":true,"href":"https:\/\/VCELARSTVI-PSARY.CZ\/index.php?rest_route=%2Fwp%2Fv2%2Fcomments&post=2"}],"version-history":[{"count":6,"href":"https:\/\/VCELARSTVI-PSARY.CZ\/index.php?rest_route=\/wp\/v2\/pages\/2\/revisions"}],"predecessor-version":[{"id":13,"href":"https:\/\/VCELARSTVI-PSARY.CZ\/index.php?rest_route=\/wp\/v2\/pages\/2\/revisions\/13"}],"wp:attachment":[{"href":"https:\/\/VCELARSTVI-PSARY.CZ\/index.php?rest_route=%2Fwp%2Fv2%2Fmedia&parent=2"}],"curies":[{"name":"wp","href":"https:\/\/api.w.org\/{rel}","templated":true}]}}